{"id":364,"date":"2019-10-13T10:54:34","date_gmt":"2019-10-13T10:54:34","guid":{"rendered":"http:\/\/just-diving.com\/?page_id=364"},"modified":"2019-10-14T17:11:11","modified_gmt":"2019-10-14T17:11:11","slug":"research-diver","status":"publish","type":"page","link":"https:\/\/just-diving.com\/?page_id=364","title":{"rendered":"Research Diver"},"content":{"rendered":"<p><strong>Beschreibung<\/strong><\/p>\n<p>Das Ziel dieses Kurses ist, den Taucher mit den Techniken und Verfahrensweisen vertraut zu machen, um<br \/>\nein Tauchgebiet besser erforschen zu k\u00f6nnen. Nach Beendigung dieses Kurses wird der Taucher in der Lage sein,\u00a0die Tauchumgebung besser zu entdecken, zu erforschen und somit mehr verstehen zu k\u00f6nnen. Diese Techniken\u00a0helfen gleichzeitig die Unterwasserwelt besser besch\u00fctzen, und erhalten zu k\u00f6nnen.<\/p>\n<p><strong>Teilnehmervoraussetzungen<\/strong><br \/>\n1. SDI Open Water Scuba Diver oder vergleichbar<br \/>\n2. Mindestens 18 Jahre alt, 15 mit schriftlichem Einverst\u00e4ndnis des Erziehungsberechtigten<\/p>\n<p><strong>Kursstruktur und -dauer\u00a0Freiwasserausf\u00fchrung<\/strong><br \/>\n1. 2 Tauchg\u00e4nge sind vorgeschrieben, inklusiv der dazu geh\u00f6renden Briefings und Debriefings durch den<br \/>\nInstructor<br \/>\n2. Tauchpl\u00e4ne m\u00fcssen Nullzeitgrenzen, Oberfl\u00e4chenpausen usw. enthalten. Tauchg\u00e4nge m\u00fcssen geloggt<br \/>\nwerden<\/p>\n<p>&nbsp;<\/p>\n<p>Formulare zum Download<\/p>\n<p><a href=\"http:\/\/just-diving.com\/wp-content\/uploads\/2019\/10\/05-SDI-TDI-German-Medical-Statement-ausgef\u00fcllt.pdf\">SDI TDI German Medical Statement<\/a><\/p>\n<p><a href=\"http:\/\/just-diving.com\/wp-content\/uploads\/2019\/10\/03-SDI-German-Haftungsanerkennung-ausgef\u00fcllt.pdf\">SDI German Haftungsanerkennung<\/a><\/p>\n<p><a href=\"http:\/\/just-diving.com\/wp-content\/uploads\/2019\/10\/04-SDI-Genereller-Haftungsausschluss-und-Anerkennung-der-Risken.pdf\">SDI Genereller Haftungsausschluss und Anerkennung der Risken<\/a><\/p>\n<p><a href=\"http:\/\/just-diving.com\/wp-content\/uploads\/2019\/10\/02-Anmeldung-Kurs.pdf\">Anmeldung zum Kurs<\/a><\/p>\n<p>(Stand 01.01.2018)<\/p>\n","protected":false},"excerpt":{"rendered":"<p>Beschreibung Das Ziel dieses Kurses ist, den Taucher mit den Techniken und Verfahrensweisen vertraut zu machen, um ein Tauchgebiet besser erforschen zu k\u00f6nnen. Nach Beendigung dieses Kurses wird der Taucher in der Lage sein,\u00a0die Tauchumgebung besser zu entdecken, zu erforschen&hellip; <\/p>\n","protected":false},"author":2,"featured_media":0,"parent":0,"menu_order":0,"comment_status":"closed","ping_status":"closed","template":"","meta":{"footnotes":""},"_links":{"self":[{"href":"https:\/\/just-diving.com\/index.php?rest_route=\/wp\/v2\/pages\/364"}],"collection":[{"href":"https:\/\/just-diving.com\/index.php?rest_route=\/wp\/v2\/pages"}],"about":[{"href":"https:\/\/just-diving.com\/index.php?rest_route=\/wp\/v2\/types\/page"}],"author":[{"embeddable":true,"href":"https:\/\/just-diving.com\/index.php?rest_route=\/wp\/v2\/users\/2"}],"replies":[{"embeddable":true,"href":"https:\/\/just-diving.com\/index.php?rest_route=%2Fwp%2Fv2%2Fcomments&post=364"}],"version-history":[{"count":5,"href":"https:\/\/just-diving.com\/index.php?rest_route=\/wp\/v2\/pages\/364\/revisions"}],"predecessor-version":[{"id":707,"href":"https:\/\/just-diving.com\/index.php?rest_route=\/wp\/v2\/pages\/364\/revisions\/707"}],"wp:attachment":[{"href":"https:\/\/just-diving.com\/index.php?rest_route=%2Fwp%2Fv2%2Fmedia&parent=364"}],"curies":[{"name":"wp","href":"https:\/\/api.w.org\/{rel}","templated":true}]}}