{"id":333,"date":"2019-10-13T10:18:59","date_gmt":"2019-10-13T10:18:59","guid":{"rendered":"http:\/\/just-diving.com\/?page_id=333"},"modified":"2020-01-18T17:34:55","modified_gmt":"2020-01-18T17:34:55","slug":"nitrox","status":"publish","type":"page","link":"https:\/\/just-diving.com\/?page_id=333","title":{"rendered":"Nitrox Gas Blender"},"content":{"rendered":"<div id=\"c513\">\n<div>\n<p><strong>Beschreibung<\/strong><\/p>\n<\/div>\n<p>Im TDI Gas Blender Kurs wirst Du eine Basis an Informationen und Fertigkeiten erlernen, die notwendig sind um Nitrox Gemische f\u00fcr Sporttaucher herzustellen. Das TDI Nitrox Gas Blender Manual f\u00fchrt dich in einfach zu verstehender und zu lesender Weise durch den Lernprozess des Gasmischens. Es ist weiteres Material wie zum Beispiel das SDI\/TDI Gas Blending Logbuch erh\u00e4ltlich.<\/p>\n<p><strong><span style=\"font-size: 1.0625rem;\">Details<\/span><\/strong><\/p>\n<\/div>\n<div id=\"c512\">\n<p><strong>Nitrox Gas Blender<br \/>\n<\/strong>Im TDI Gas Blender Kurs wirst Du eine Basis an Informationen und Fertigkeiten erlernen, die notwendig sind um Nitrox Gemische f\u00fcr Sporttaucher herzustellen. Das TDI Nitrox Gas Blender Manual f\u00fchrt dich in einfach zu verstehender und zu lesender Weise durch den Lernprozess des Gasmischens. Es ist weiteres Material wie zum Beispiel das SDI\/TDI Gas Blending Logbuch erh\u00e4ltlich.<\/p>\n<p><strong>Voraussetzung:<br \/>\n<\/strong>\u2013 18 Jahre alt<br \/>\n<strong>Erforderliches Material<\/strong>:<\/p>\n<p>Folgendes wird f\u00fcr den Kurs ben\u00f6tigt:<br \/>\n\u2013 TDI Nitrox Gas Blending Handbuch<br \/>\n\u2013 TDI Nitrox Gas Blending Power Point Pr\u00e4sentation<\/p>\n<p>Die Verwendung des TDI Gas Blending Handbuches ist f\u00fcr diesen Kurs vorgeschrieben, Instruktoren d\u00fcrfen allerdings jegliches zus\u00e4tzliches Material nutzen, um das Erreichen der Lernziele zu unterst\u00fctzen<br \/>\n<strong>Kursinhalt:<br \/>\n<\/strong>\u2013 Verantwortung des Gasmischers<br \/>\n\u2013 Atemgase beim Tauchen: Luft, Sauerstoff, Stickstoff<br \/>\n\u2013 Behandlung von Sauerstoff: Sauerstoff Gefahren, Gr\u00fcnde und Vermeidung von Sauerstofffeuer, Aufbau eines Sauerstoff Systems, lokale Bestimmungen f\u00fcr das Gasmischen und die Handhabung<br \/>\n\u2013 Ausr\u00fcstung zur Gasproduktion: Kompressoren, Flaschen, Filtersysteme, analoge Druckanzeiger<br \/>\n\u2013 Mischtechniken: Grunds\u00e4tzliche \u00dcberlegungen, fortlaufende Mischsysteme, Membransysteme Vormischungssysteme, Partialdruck Mischungsberechnungen<br \/>\n\u2013 Sauerstoff Analyse: Verfahren, Sauerstoff Analyseger\u00e4te<\/p>\n<p>\u2013 Tauchflaschen Behandlung und Markierung<\/p>\n<p><strong>Leistungsanforderungen:<\/strong><\/p>\n<p>Um den Kurs erfolgreich abzuschlie\u00dfen, m\u00fcssen die Sch\u00fcler:<br \/>\n\u2013 erfolgreich 5 Nitrox Tauchflaschen mischen und analysieren<br \/>\n\u2013 schriftliche Pr\u00fcfung des TDI Nitrox Gas Blender Kurses erfolgreich bestehen<br \/>\n\u2013 Verst\u00e4ndnis f\u00fcr das Mischen und die Sauerstoffanalyse von Nitrox beweisen<\/p>\n<\/div>\n<p>&nbsp;<\/p>\n<p>Formulare zum Download<\/p>\n<p><a href=\"http:\/\/just-diving.com\/wp-content\/uploads\/2019\/10\/03-SDI-German-Haftungsanerkennung-ausgef\u00fcllt.pdf\">SDI German Haftungsanerkennung<\/a><\/p>\n<p><a href=\"http:\/\/just-diving.com\/wp-content\/uploads\/2019\/10\/04-SDI-Genereller-Haftungsausschluss-und-Anerkennung-der-Risken.pdf\">SDI Genereller Haftungsausschluss und Anerkennung der Risken<\/a><\/p>\n<p><a href=\"http:\/\/just-diving.com\/wp-content\/uploads\/2020\/01\/02-Anmeldung-Kurs.pdf\">Anmeldung zum Kurs<\/a><\/p>\n<div id=\"c512\">\n<p>(Stand 01.01.2018)<\/p>\n<\/div>\n","protected":false},"excerpt":{"rendered":"<p>Beschreibung Im TDI Gas Blender Kurs wirst Du eine Basis an Informationen und Fertigkeiten erlernen, die notwendig sind um Nitrox Gemische f\u00fcr Sporttaucher herzustellen. Das TDI Nitrox Gas Blender Manual f\u00fchrt dich in einfach zu verstehender und zu lesender Weise&hellip; <\/p>\n","protected":false},"author":2,"featured_media":0,"parent":0,"menu_order":0,"comment_status":"closed","ping_status":"closed","template":"","meta":{"footnotes":""},"_links":{"self":[{"href":"https:\/\/just-diving.com\/index.php?rest_route=\/wp\/v2\/pages\/333"}],"collection":[{"href":"https:\/\/just-diving.com\/index.php?rest_route=\/wp\/v2\/pages"}],"about":[{"href":"https:\/\/just-diving.com\/index.php?rest_route=\/wp\/v2\/types\/page"}],"author":[{"embeddable":true,"href":"https:\/\/just-diving.com\/index.php?rest_route=\/wp\/v2\/users\/2"}],"replies":[{"embeddable":true,"href":"https:\/\/just-diving.com\/index.php?rest_route=%2Fwp%2Fv2%2Fcomments&post=333"}],"version-history":[{"count":7,"href":"https:\/\/just-diving.com\/index.php?rest_route=\/wp\/v2\/pages\/333\/revisions"}],"predecessor-version":[{"id":798,"href":"https:\/\/just-diving.com\/index.php?rest_route=\/wp\/v2\/pages\/333\/revisions\/798"}],"wp:attachment":[{"href":"https:\/\/just-diving.com\/index.php?rest_route=%2Fwp%2Fv2%2Fmedia&parent=333"}],"curies":[{"name":"wp","href":"https:\/\/api.w.org\/{rel}","templated":true}]}}