{"id":202,"date":"2019-10-11T20:16:07","date_gmt":"2019-10-11T20:16:07","guid":{"rendered":"http:\/\/just-diving.com\/?page_id=202"},"modified":"2019-10-14T08:11:23","modified_gmt":"2019-10-14T08:11:23","slug":"professional","status":"publish","type":"page","link":"https:\/\/just-diving.com\/?page_id=202","title":{"rendered":"Professional"},"content":{"rendered":"<h2 class=\"headline\">Werde jetzt SDI und TDI Instructor!<\/h2>\n<p>Als <strong>TDI Instructor<\/strong> geh\u00f6rst Du zu den Tech-Instructoren mit der besten Reputation weltweit!<\/p>\n<p><strong>SDI\/TDI<\/strong> bietet Dir jetzt die M\u00f6glichkeit den n\u00e4chsten Schritt in Deiner Ausbildung zu machen. Auch nach Deiner Ausbildung zum <strong>SDI\/TDI Instructor<\/strong> bietet <strong>SDI\/TDI<\/strong> Dir alles, was Du von einem gro\u00dfen Verband erwarten kannst. Anspruchsvolles Training und Unterricht stellen sicher, dass du als <strong>SDI\/TDI Instructor<\/strong> stets auf einem h\u00f6heren Niveau unterrichtest. W\u00e4hrend des gesamten Unterrichts bekommst du auf h\u00f6chstem Niveau Fachwissen von uns vermittelt und lernst den Umgang mit dem umfangreichen Angebot an Unterrichtsmaterialien \u2013 zusammen der beste Garant f\u00fcr Anerkennung. Zus\u00e4tzlich verbesserst du nebenbei deine eigenen Fertigkeiten.<\/p>\n<p>Die Welt steht dir offen. Du kannst arbeiten wo andere Urlaub machen und damit Einkommen generieren.<\/p>\n<p>Mit einer <strong>Instructor-Lizenz von SDI\/TDI<\/strong> hast du auf der ganzen Welt diese M\u00f6glichkeit!<\/p>\n<p><img loading=\"lazy\" decoding=\"async\" class=\"alignnone size-full wp-image-175\" src=\"http:\/\/just-diving.com\/wp-content\/uploads\/2019\/10\/1_FIVE_SDI-180x300-180x300.jpg\" alt=\"\" width=\"180\" height=\"300\" \/>\u00a0<img loading=\"lazy\" decoding=\"async\" class=\"alignnone size-full wp-image-562\" src=\"http:\/\/just-diving.com\/wp-content\/uploads\/2019\/10\/SDI-prof.jpg\" alt=\"\" width=\"254\" height=\"257\" \/><img loading=\"lazy\" decoding=\"async\" class=\"alignnone size-full wp-image-566\" style=\"font-size: 1.0625rem;\" src=\"http:\/\/just-diving.com\/wp-content\/uploads\/2019\/10\/TDI-prof.jpg\" alt=\"\" width=\"126\" height=\"189\" \/><\/p>\n","protected":false},"excerpt":{"rendered":"<p>Werde jetzt SDI und TDI Instructor! Als TDI Instructor geh\u00f6rst Du zu den Tech-Instructoren mit der besten Reputation weltweit! SDI\/TDI bietet Dir jetzt die M\u00f6glichkeit den n\u00e4chsten Schritt in Deiner Ausbildung zu machen. Auch nach Deiner Ausbildung zum SDI\/TDI Instructor&hellip; <\/p>\n","protected":false},"author":1,"featured_media":0,"parent":0,"menu_order":0,"comment_status":"closed","ping_status":"closed","template":"","meta":{"footnotes":""},"_links":{"self":[{"href":"https:\/\/just-diving.com\/index.php?rest_route=\/wp\/v2\/pages\/202"}],"collection":[{"href":"https:\/\/just-diving.com\/index.php?rest_route=\/wp\/v2\/pages"}],"about":[{"href":"https:\/\/just-diving.com\/index.php?rest_route=\/wp\/v2\/types\/page"}],"author":[{"embeddable":true,"href":"https:\/\/just-diving.com\/index.php?rest_route=\/wp\/v2\/users\/1"}],"replies":[{"embeddable":true,"href":"https:\/\/just-diving.com\/index.php?rest_route=%2Fwp%2Fv2%2Fcomments&post=202"}],"version-history":[{"count":2,"href":"https:\/\/just-diving.com\/index.php?rest_route=\/wp\/v2\/pages\/202\/revisions"}],"predecessor-version":[{"id":576,"href":"https:\/\/just-diving.com\/index.php?rest_route=\/wp\/v2\/pages\/202\/revisions\/576"}],"wp:attachment":[{"href":"https:\/\/just-diving.com\/index.php?rest_route=%2Fwp%2Fv2%2Fmedia&parent=202"}],"curies":[{"name":"wp","href":"https:\/\/api.w.org\/{rel}","templated":true}]}}