{"id":181,"date":"2019-10-11T20:08:05","date_gmt":"2019-10-11T20:08:05","guid":{"rendered":"http:\/\/just-diving.com\/?page_id=181"},"modified":"2020-01-18T17:32:44","modified_gmt":"2020-01-18T17:32:44","slug":"nitrox-diver","status":"publish","type":"page","link":"https:\/\/just-diving.com\/?page_id=181","title":{"rendered":"Nitrox Diver"},"content":{"rendered":"<div id=\"c513\">\n<div><\/div>\n<\/div>\n<div id=\"c501\">\n<div>\n<p><strong>Beschreibung<\/strong><\/p>\n<\/div>\n<p>Der TDI Nitrox Kurs ist ein Einsteiger Kurs f\u00fcr Taucher, welche Nitrox als Atemgas verwenden m\u00f6chten. Es gibt kaum ein Thema das mehr Einfluss auf das Sporttauchen hat, als die Einf\u00fchrung von Nitrox, was l\u00e4ngere Nullzeiten erm\u00f6glicht. W\u00e4hrend diesem Kurs wirst Du alles \u00fcber die Vorteile, Gefahren und die richtigen Techniken lernen was n\u00f6tig ist, um mit EAN22 bis EAN40 zu tauchen.<\/p>\n<p><span style=\"font-size: 1.0625rem;\">Details<\/span><\/p>\n<\/div>\n<div id=\"c500\">\n<p><strong>Voraussetzungen:<br \/>\n<\/strong>\u2013 15 Jahre alt<br \/>\n\u2013 Open Water Diver<br \/>\n\u2013 \u00c4rztliche Bescheinigung<\/p>\n<p><strong>Erforderliches Material:<\/strong><\/p>\n<p>Folgendes wird f\u00fcr den Kurs ben\u00f6tigt:<\/p>\n<p>\u2013 TDI Nitrox Handbuch<br \/>\n\u2013 TDI Nitrox Power Point Pr\u00e4sentation (optional)<br \/>\n\u2013 TDI EAD \/ P02 Tabellen (optional)<\/p>\n<p>Die Verwendung des TDI Nitrox Handbuches ist f\u00fcr diesen Kurs vorgeschrieben, Instruktoren d\u00fcrfen allerdings jegliches zus\u00e4tzliches Material nutzen, um das Erreichen der Lernziele zu unterst\u00fctzen.<\/p>\n<p><strong>Kursinhalt:<\/strong><\/p>\n<p>\u2013 Geschichte des Nitrox (EAN)<br \/>\n\u2013 Physiologie: Sauerstoff und Stickstoff<br \/>\n\u2013 Physik: Wiederholung Drucktheorie, Partialdr\u00fccke-<br \/>\n\u2013 \u00dcberlegungen zur Ausr\u00fcstung: 40% Sauerstoffanteil und weniger und mehr als 40% Sauerstoffanteil<br \/>\n\u2013 Tauchtabellen: Vergleichbare Lufttiefe EAD (Equivalent Air Depth), Erl\u00e4uterung des Konzeptes nur zu Demonstrationszwecken; EAN Nitrox Tabellen; Wechselnde Gasgemische bei Wiederholungstauchg\u00e4ngen<br \/>\n\u2013 Tauchcomputer: Gasgemisch einstellbar und 02 integriert<br \/>\n\u2013 Vorteile und Nachteile von EAN Nitrox; Benutzung wie Luft als physiologischen Vorteil mit Lufttabellen oder -computern; Nutzung zwecks Erweiterung der Nullzeiten oder Verk\u00fcrzung der Oberfl\u00e4chenintervalle; Sauerstoff Giftigkeit und Tiefenlimite; Diskussion der Mythen und Fakten von EAN Nitrox Gemischen<br \/>\n\u2013 Vorgehen, Gebrauch und Theorie von Sauerstoff Analyseger\u00e4ten; Gas Analyse und Kennzeichnung<br \/>\n\u2013 \u00dcbliche Mischverfahren: Partialdruck Mischung; Laufendes Mischen; Membranfilter System<br \/>\n<strong>Leistungsanforderungen:<\/strong><\/p>\n<p>Um den Kurs erfolgreich abzuschlie\u00dfen, m\u00fcssen die Sch\u00fcler:<\/p>\n<p>\u2013 Die schriftliche Pr\u00fcfung des TDI Nitrox Kurses erfolgreich bestehen<br \/>\n\u2013 Verst\u00e4ndnis f\u00fcr die Sauerstoffanalyse von Nitrox-Mischungen beweisen<\/p>\n<\/div>\n<p>&nbsp;<\/p>\n<p>&nbsp;<\/p>\n<p>Formulare zum Download<\/p>\n<p><a href=\"http:\/\/just-diving.com\/wp-content\/uploads\/2019\/10\/05-SDI-TDI-German-Medical-Statement-ausgef\u00fcllt.pdf\">SDI TDI German Medical Statement<\/a><\/p>\n<p><a href=\"http:\/\/just-diving.com\/wp-content\/uploads\/2019\/10\/03-SDI-German-Haftungsanerkennung-ausgef\u00fcllt.pdf\">SDI German Haftungsanerkennung<\/a><\/p>\n<p><a href=\"http:\/\/just-diving.com\/wp-content\/uploads\/2019\/10\/04-SDI-Genereller-Haftungsausschluss-und-Anerkennung-der-Risken.pdf\">SDI Genereller Haftungsausschluss und Anerkennung der Risken<\/a><\/p>\n<p><a href=\"http:\/\/just-diving.com\/wp-content\/uploads\/2020\/01\/02-Anmeldung-Kurs.pdf\">Anmeldung zum Kurs<\/a><\/p>\n<div id=\"c512\">\n<p>(Stand 01.01.2018)<\/p>\n<\/div>\n","protected":false},"excerpt":{"rendered":"<p>Beschreibung Der TDI Nitrox Kurs ist ein Einsteiger Kurs f\u00fcr Taucher, welche Nitrox als Atemgas verwenden m\u00f6chten. Es gibt kaum ein Thema das mehr Einfluss auf das Sporttauchen hat, als die Einf\u00fchrung von Nitrox, was l\u00e4ngere Nullzeiten erm\u00f6glicht. W\u00e4hrend diesem&hellip; <\/p>\n","protected":false},"author":1,"featured_media":0,"parent":0,"menu_order":0,"comment_status":"closed","ping_status":"closed","template":"","meta":{"footnotes":""},"_links":{"self":[{"href":"https:\/\/just-diving.com\/index.php?rest_route=\/wp\/v2\/pages\/181"}],"collection":[{"href":"https:\/\/just-diving.com\/index.php?rest_route=\/wp\/v2\/pages"}],"about":[{"href":"https:\/\/just-diving.com\/index.php?rest_route=\/wp\/v2\/types\/page"}],"author":[{"embeddable":true,"href":"https:\/\/just-diving.com\/index.php?rest_route=\/wp\/v2\/users\/1"}],"replies":[{"embeddable":true,"href":"https:\/\/just-diving.com\/index.php?rest_route=%2Fwp%2Fv2%2Fcomments&post=181"}],"version-history":[{"count":9,"href":"https:\/\/just-diving.com\/index.php?rest_route=\/wp\/v2\/pages\/181\/revisions"}],"predecessor-version":[{"id":795,"href":"https:\/\/just-diving.com\/index.php?rest_route=\/wp\/v2\/pages\/181\/revisions\/795"}],"wp:attachment":[{"href":"https:\/\/just-diving.com\/index.php?rest_route=%2Fwp%2Fv2%2Fmedia&parent=181"}],"curies":[{"name":"wp","href":"https:\/\/api.w.org\/{rel}","templated":true}]}}